3, 53
Let k be (-14 + 12)*(-1)/(-2). Let z be -3 + (225 - 4/k). Suppose -12*d + 10*d + z = 0. What are the prime factors of d?
113
Let p(s) = -5*s + 64. Let u be p(11). List the prime factors of u/(-15) - (-8916)/60.
2, 37
Suppose -3*m + 73 = z - 2*z, 28 = m - 4*z. Let l(o) = -7*o**3 - 17*o**2 + 13*o + 18. Let j be l(-3). Suppose m = v - j. What are the prime factors of v?
3, 13
Let u(b) = 5*b**2 + 28*b + 20. Suppose -4*y + 11 = -5*y. What are the prime factors of u(y)?
317
Let p(l) = 14*l - 13. Let q be p(4). Let w = q - 40. What are the prime factors of 166 - (-2 + -6 + w)?
3, 19
Suppose 5328*y = 5314*y + 149394. What are the prime factors of y?
3, 3557
Let m = 1833 - 975. Suppose 6*b = 3*b + m. What are the prime factors of b?
2, 11, 13
What are the prime factors of (-12 - 0) + 17 + 1900?
3, 5, 127
Let g(s) = -s**3 - s - 1. Let k(v) = 3*v**3 - 2*v**2 + 5*v - 1106. Let w(z) = -4*g(z) - k(z). What are the prime factors of w(0)?
2, 3, 5, 37
Suppose 16*m - 92 = 12*m. Suppose -14*u - 6741 = -m*u. List the prime factors of u.
7, 107
Let v = 2018 + 7700. What are the prime factors of v?
2, 43, 113
Let k(f) = 39*f - 35*f - 2 - 17. Let u be k(7). List the prime factors of (-3)/(-9)*u*(-3 - -42).
3, 13
Let h(c) = -95*c - 110. Let z be h(-15). Suppose -4*w + 2*o = -725 - 597, -4*w = 5*o - z. List the prime factors of w.
2, 3, 5, 11
Suppose -964*c + 488*c - 52738 = -490*c. List the prime factors of c.
3767
Let c(p) = -25*p + 105 + 1 + 11. List the prime factors of c(-17).
2, 271
Let n be 6 - (2/(-10))/((-15)/75). Suppose c - 398 = -n*y, -2 = -y + 3*y. List the prime factors of c.
13, 31
List the prime factors of 49/14 - 151878/(-12).
2, 3, 5, 211
Suppose -481*s + 13964991 = -103*s - 6248181. List the prime factors of s.
2, 26737
Suppose 0*y - 2*i = -y + 55, 37 = y + 4*i. Let w = -24 + y. Let t = 44 - w. What are the prime factors of t?
19
Let w be (-48)/(-18)*(-6)/(-4). Suppose -2*d - 2*i + i = -w, -19 = -5*d + 2*i. Suppose -35 = -d*x + 40. List the prime factors of x.
5
Suppose -71*x + 112*x = -97*x + 4004622. What are the prime factors of x?
3, 17, 569
Let k(t) = -7*t + 45. Let x(q) = 3 + 398*q - 4 - 399*q. Let w(n) = k(n) - 6*x(n). List the prime factors of w(0).
3, 17
Let x(s) = -s**2 + 8*s - 6. Let g be x(2). Let d(t) = -t**3 + 15*t**2 - 31*t + 9. List the prime factors of d(g).
3, 7
List the prime factors of 22/(-8 - 23370/(-2920)).
2, 11, 73
Suppose 0 = 20925*x - 20950*x + 557125. List the prime factors of x.
5, 4457
List the prime factors of 100*6036*10/120.
2, 5, 503
Let g(c) = 3*c**2 - 18*c + 12. Let y be g(7). Let n = -30 + y. Suppose h + n*j - 76 - 45 = 0, -4*h + 502 = 3*j. List the prime factors of h.
127
Let t(w) = -28*w**2 - 6*w + 11. Let j be t(2). Suppose -14*y = -17*y + 603. Let m = j + y. List the prime factors of m.
2, 11
Suppose -3*d + 432 = -3*b, b = -b + 4*d - 282. List the prime factors of (-98)/b - (-4406)/6.
3, 5, 7
Suppose 0 = -4*t + 5*g + 45373, 0 = -3*t + 5*g + 7609 + 26427. List the prime factors of t.
3, 3779
Let h(j) = j**3 + 52*j**2 + 30*j + 97. List the prime factors of h(-41).
2, 3, 11, 263
Let u be -4 + (-17)/((-102)/36). What are the prime factors of 170*(-45)/(-75)*u/3?
2, 17
Let m(n) be the first derivative of -n**4/4 + 4*n**3/3 + 3*n**2/2 - 2*n + 14. Let d be m(4). List the prime factors of 62/d + (-3 - (-56)/20).
2, 3
Suppose 57 = 4*t + 77, 0 = -5*a - 3*t + 2640. What are the prime factors of a?
3, 59
Let w(c) = -73*c - 31 - 9*c**3 - 1 + 44*c**2 + 8*c**3. List the prime factors of w(42).
2, 5, 43
Let h(m) = -m + 24. Let z = 21 - 0. Let v be h(z). Suppose v*x + 4*k - 415 = 0, -6*x + 3*k + 408 = -3*x. List the prime factors of x.
137
Let n(x) = 555*x**2 - 61*x + 30. List the prime factors of n(-4).
2, 23, 199
Let s = -185 - -195. List the prime factors of s/(-4 - 30/(-6)).
2, 5
Let l(m) = m**3 - 15*m**2 + 15*m + 23. Let b = -91 - -19. Let p be -3*6/b + 55/4. What are the prime factors of l(p)?
37
Let v(z) be the first derivative of 7*z + 1/4*z**4 + 16 - 5/3*z**3 - 1/2*z**2. What are the prime factors of v(6)?
37
Let m be 10*(-3 - 18/4). Let y = m - -169. Suppose -8*w + 9*w = y. What are the prime factors of w?
2, 47
List the prime factors of (9 - 6 - 206/(-8))/((-60)/(-20880)).
3, 5, 23, 29
Let d(n) = 29*n + 56. Let o(m) = 2. Let a(w) = -d(w) + 3*o(w). List the prime factors of a(-7).
3, 17
Let d = -296 - -12. Let r = d - -1237. What are the prime factors of r?
953
Let o = 66 - 36. Suppose -o*r = -34*r - 12. Let q(y) = 14*y**2 - 2*y + 2. List the prime factors of q(r).
2, 67
Suppose 12*h + 92 + 28 = 0. Let a(p) = -p**2 - 11*p + 10. What are the prime factors of a(h)?
2, 5
Let h be (-3)/(9/(-6)) - 155. Let j = 69 + h. Let t = 151 + j. List the prime factors of t.
67
Let p = 24131 - 12022. What are the prime factors of p?
12109
Suppose -32 = -3*v + 22. Suppose 2*w + v = -7*w. Let o(h) = -22*h - 3. What are the prime factors of o(w)?
41
Suppose 4*a + 14820 = 14*a - 13480. List the prime factors of a.
2, 5, 283
Suppose 0 = -2*u - 4*y + 40, 0 = 2*u - u + 5*y - 35. Let v = u + -30. List the prime factors of 4/(v/(-689)) - (-1)/5.
2, 3, 23
Let l be 1 + 419 - (3 - 2/1). Let z = 705 - l. List the prime factors of z.
2, 11, 13
Suppose 3*o + 1 = -0*u + 4*u, 0 = -4*o - 5*u + 40. Suppose -v + 4*g = v - 412, -4*v - o*g = -824. Suppose 0 = 6*d - 34 - v. What are the prime factors of d?
2, 5
Let k = -37 + 37. Suppose 3*l - 13*l - 370 = k. Let i = l + 73. List the prime factors of i.
2, 3
Suppose -16*r - 55630 = -18*r - 7*g, 3*r - 83406 = -4*g. What are the prime factors of r?
2, 13, 1069
Let w(d) = 17*d + 10. Let y = 326 + -196. Suppose 0 = 9*q + 40 - y. List the prime factors of w(q).
2, 3, 5
Let b(z) = 2*z**2 - 7*z - 17. Let w be b(8). Suppose -w = 5*x + 5*v, 2*v + 15 = -v. List the prime factors of 1 + 24 + x + 4.
23
Let k be (3 + 32/(-12))*0. Suppose -3*y - 4 = 2, 3*r - 3*y - 861 = k. What are the prime factors of r?
3, 5, 19
What are the prime factors of 140777/34 + 45/(-10)?
2, 11, 47
Let h be (-782)/(-184) + 1/(-4). Suppose h*w - 51 = 177. What are the prime factors of w?
3, 19
Let h(x) = -x**2 - 9*x - 15. Let w be h(-3). Suppose -2*g - 289 = -w*g. What are the prime factors of g?
17
Let g(r) = 4*r**2 - 5*r + 1. Let b be g(1). Suppose -h = 3*s - 219, b*h - 5*h = 3*s - 1095. Let m = 335 - h. List the prime factors of m.
2, 29
Let u(a) = 13*a - 155. Let f be u(11). List the prime factors of 524 - (-6)/24*f.
521
Suppose -3*c - c + l = -65, 0 = -c + 5*l + 2. Let o = 22 - c. List the prime factors of 2*(2/o)/(16/340).
17
Let z = 18297 + 4833. List the prime factors of z.
2, 3, 5, 257
Let h = -28 - -33. Let f be (-2*1 + 16/6)*3. Suppose -f*m + 141 = h*s, 42 = s - 7*m + 12*m. What are the prime factors of s?
3
Suppose 1260949 + 256580 = 167*a. List the prime factors of a.
3, 13, 233
Suppose b - 176458 = -4*l, -47*l - 220610 = -52*l + 5*b. What are the prime factors of l?
2, 41, 269
Let t(l) = l**2 + 104*l + 4314. List the prime factors of t(-30).
2, 3, 349
Suppose 2*k - 26978 = 4*f, -2*k + 33*f + 26978 = 36*f. What are the prime factors of k?
7, 41, 47
Let w = 20106 - 12276. List the prime factors of w.
2, 3, 5, 29
Suppose 21*u - 19*u = 22. Suppose -u*j + 6*j = -2290. What are the prime factors of j?
2, 229
Suppose 2431 - 2507 = -19*l. Let d be 1/2 + 94/4. Let c = d + l. What are the prime factors of c?
2, 7
Suppose -22*l = -84395 - 484459. List the prime factors of l.
3, 13, 17
Suppose 86 - 88 = -v. Suppose -5*y - 3*k = -31, 4*y + v*k = -2*k + 28. Suppose -y*d + 185 = -105. List the prime factors of d.
2, 29
Suppose 4*s + 97 = -359. Let z be (s/(-133))/((-4)/(-14)). Suppose 0 = y - 2*c - 87, 175 = 2*y - z*c - 1. What are the prime factors of y?
7, 13
Suppose 290*q + 143 = 279*q. Suppose n - 2*n = 5. List the prime factors of (-30)/n*q/(-2).
3, 13
Suppose 5 = -5*n - 5*f, 3*f + 23 = 7*n - 5*n. Suppose -t + 4*l = -239, -n*l = 5*t - 2*t - 781. List the prime factors of t.
3, 5, 17
Suppose -4*q - 162 = m, 5*m + 199 = 3*q - 519. Let l = -485 + 491. List the prime factors of m/(-6) - l/(-9).
5
Let s(g) = -212*g - 4081. List the prime factors of s(-75).
53, 223
Let k(d) = -d**2 + 27*d - 60. Let f be k(24). What are the prime factors of ((-8)/f)/1 - (-53284)/33?
2, 3, 269
Let k(o) = 6*o + 29. Let s be 1/(0 - (-4)/116). Let j = -19 +